the millions digit of 2181464123?
1
What is the ten thousands digit of 224629356?
2
What is the ten millions digit of 2580630228?
8
What is the millions digit of 141411852?
1
What is the thousands digit of 28115994?
5
What is the ten millions digit of 218184534?
1
What is the ten millions digit of 123765810?
2
What is the ten thousands digit of 47260385?
6
What is the ten thousands digit of 4186358712?
5
What is the ten millions digit of 55110024?
5
What is the ten millions digit of 17952543?
1
What is the billions digit of 4268964829?
4
What is the billions digit of 1122213756?
1
What is the hundreds digit of 958344?
3
What is the units digit of 5984199764?
4
What is the ten thousands digit of 3497585047?
8
What is the hundred thousands digit of 31619032?
6
What is the billions digit of 5033246333?
5
What is the hundred thousands digit of 63499465?
4
What is the millions digit of 746883100?
6
What is the tens digit of 2938182995?
9
What is the millions digit of 106184633?
6
What is the thousands digit of 47848704?
8
What is the units digit of 5666506940?
0
What is the billions digit of 2907964781?
2
What is the thousands digit of 60978165?
8
What is the millions digit of 51357627?
1
What is the ten millions digit of 459647524?
5
What is the units digit of 165751925?
5
What is the thousands digit of 28630241?
0
What is the ten millions digit of 566134956?
6
What is the hundred thousands digit of 124516605?
5
What is the millions digit of 2234852573?
4
What is the ten millions digit of 3141194809?
4
What is the ten millions digit of 1255056628?
5
What is the thousands digit of 6185658650?
8
What is the hundreds digit of 98723054?
0
What is the ten thousands digit of 859944539?
4
What is the hundred thousands digit of 2690486203?
4
What is the units digit of 308040576?
6
What is the thousands digit of 172676273?
6
What is the hundreds digit of 5722247226?
2
What is the hundred thousands digit of 77469582?
4
What is the billions digit of 1293300062?
1
What is the millions digit of 3776326296?
6
What is the hundreds digit of 7124959?
9
What is the ten thousands digit of 2760617168?
1
What is the tens digit of 123533774?
7
What is the hundred millions digit of 1096751224?
0
What is the units digit of 6892030?
0
What is the tens digit of 393385584?
8
What is the hundreds digit of 10547243?
2
What is the ten thousands digit of 3449752601?
5
What is the hundreds digit of 70637988?
9
What is the tens digit of 385726463?
6
What is the units digit of 879872902?
2
What is the units digit of 280836133?
3
What is the hundreds digit of 73134856?
8
What is the ten millions digit of 8339351453?
3
What is the tens digit of 66901814?
1
What is the hundreds digit of 10835541?
5
What is the hundreds digit of 31782933?
9
What is the thousands digit of 94760211?
0
What is the millions digit of 3050018410?
0
What is the ten thousands digit of 247019911?
1
What is the units digit of 187800031?
1
What is the millions digit of 130824661?
0
What is the tens digit of 120326703?
0
What is the hundreds digit of 90873198?
1
What is the hundreds digit of 27916586?
5
What is the tens digit of 478496895?
9
What is the millions digit of 978383568?
8
What is the hundred thousands digit of 2931564178?
5
What is the tens digit of 341073991?
9
What is the units digit of 1643597310?
0
What is the tens digit of 3519440?
4
What is the hundred millions digit of 893704003?
8
What is the units digit of 74687972?
2
What is the ten thousands digit of 534203295?
0
What is the units digit of 678632253?
3
What is the thousands digit of 1250792917?
2
What is the millions digit of 71207156?
1
What is the hundreds digit of 1967249?
2
What is the units digit of 3148584911?
1
What is the ten millions digit of 661318847?
6
What is the thousands digit of 51339721?
9
What is the hundred millions digit of 128251156?
1
What is the hundreds digit of 118671948?
9
What is the millions digit of 1310125169?
0
What is the ten millions digit of 555125811?
5
What is the hundred millions digit of 458603168?
4
What is the billions digit of 3066117934?
3
What is the hundred millions digit of 401754615?
4
What is the thousands digit of 113253075?
3
What is the hundred millions digit of 1222985391?
2
What is the units digit of 521050812?
2
What is the hundreds digit of 403159059?
0
What is the thousands digit of 47984844?
4
What is the tens digit of 318797663?
6
What is the thousands digit of 21919844?
9
What is the thousands digit of 4874819407?
9
What is the thousands digit of 118656048?
6
What is the thousands digit of 410674718?
4
What is the hundred millions digit of 230831614?
2
What is the hundreds digit of 184658121?
1
What is the millions digit of 375952125?
5
What is the thousands digit of 319839415?
9
What is the millions digit of 1308448821?
8
What is the hundred thousands digit of 217673675?
6
What is the ten millions digit of 3135069208?
3
What is the thousands digit of 311808448?
8
What is the hundreds digit of 2647913005?
0
What is the ten millions digit of 1054764066?
5
What is the hundred thousands digit of 159357757?
3
What is the hundred thousands digit of 101905966?
9
What is the ten thousands digit of 5903337060?
3
What is the thousands digit of 37593161?
3
What is the ten millions digit of 65447829?
6
What is the ten thousands digit of 380400999?
0
What is the hundreds digit of 2417229423?
4
What is the thousands digit of 886540462?
0
What is the hundreds digit of 93139901?
9
What is the hundred thousands digit of 251050605?
0
What is the ten thousands digit of 617408503?
0
What is the tens digit of 649805025?
2
What is the units digit of 50062333?
3
What is the ten thousands digit of 1802069145?
6
What is the ten thousands digit of 261431743?
3
What is the hundred millions digit of 1595094046?
5
What is the hundred thousands digit of 974824542?
8
What is the ten millions digit of 234573338?
3
What is the ten millions digit of 12141881?
1
What is the hundred thousands digit of 65886838?
8
What is the millions digit of 2545452511?
5
What is the tens digit of 92040140?
4
What is the thousands digit of 6536835?
6
What is the tens digit of 49823633?
3
What is the tens digit of 1067152133?
3
What is the hundred thousands digit of 632165954?
1
What is the ten thousands digit of 45264427?
6
What is the units digit of 1642087379?
9
What is the thousands digit of 44536287?
6
What is the units digit of 2027418881?
1
What is the hundreds digit of 17517244?
2
What is the thousands digit of 1269765512?
5
What is the ten thousands digit of 148499065?
9
What is the hundred thousands digit of 658295530?
2
What is the ten millions digit of 2802043989?
0
What is the units digit of 24541404?
4
What is the thousands digit of 193071159?
1
What is the hundreds digit of 136260601?
6
What is the ten millions digit of 90126084?
9
What is the hundred millions digit of 267089316?
2
What is the thousands digit of 330427886?
7
What is the ten thousands digit of 4127629589?
2
What is the hundred millions digit of 113812059?
1
What is the hundred thousands digit of 13624124?
6
What is the thousands digit of 14130989?
0
What is the tens digit of 729982132?
3
What is the hundred thousands digit of 25048669?
0
What is the hundred thousands digit of 480218378?
2
What is the millions digit of 185755134?
5
What is the ten millions digit of 53318544?
5
What is the units digit of 31928271?
1
What is the millions digit of 91395505?
1
What is the ten millions digit of 18139398?
1
What is the units digit of 3563784207?
7
What is the ten thousands digit of 146593800?
9
What is the units digit of 27583959?
9
What is the millions digit of 62189817?
2
What is the hundred millions digit of 229907608?
2
What is the units digit of 175483842?
2
What is the ten thousands digit of 135302097?
0
What is the units digit of 169234096?
6
What is the thousands digit of 1029645715?
5
What is the hundred thousands digit of 690171294?
1
What is the hundred millions digit of 463649115?
4
What is the millions digit of 306272997?
6
What is the thousands digit of 4129012383?
2
What is the thousands digit of 5730622606?
2
What is the ten thousands digit of 22287518?
8
What is the hundreds digit of 104863577?
5
What is the ten thousands digit of 19263608